{"id":23,"date":"2023-10-11T17:33:01","date_gmt":"2023-10-11T15:33:01","guid":{"rendered":"http:\/\/iniso.fr\/?page_id=23"},"modified":"2025-03-31T09:12:34","modified_gmt":"2025-03-31T07:12:34","slug":"presentation","status":"publish","type":"page","link":"https:\/\/iniso.fr\/index.php\/presentation\/","title":{"rendered":"Pr\u00e9sentation"},"content":{"rendered":"\n<h2 class=\"wp-block-heading\"><strong>Pr\u00e9sentation<\/strong><\/h2>\n\n\n\n<p>Forte de plus de 15 ans d\u2019exp\u00e9rience, l\u2019entreprise INISO, bas\u00e9e \u00e0 Sainte Luce sur Loire et La Chevroli\u00e8re, intervient sur les d\u00e9partements de la Loire-Atlantique et de la Vend\u00e9e pour vos travaux d&#8217;\u00e9lectricit\u00e9, de r\u00e9seau, de fibre optique et de domotique.<\/p>\n\n\n\n<p>Son \u00e9quipe jeune et dynamique concentre son activit\u00e9 sur les nouvelles technologies afin d\u2019apporter un confort quotidien \u00e0 tous ses clients.<\/p>\n\n\n\n<h2 class=\"wp-block-heading\"><strong>Qui sommes nous<\/strong><\/h2>\n\n\n\n<p>En progression constante depuis la cr\u00e9ation de l\u2019entreprise en 2015, INISO est compos\u00e9e d\u2019une \u00e9quipe de techniciens qualifi\u00e9s ce qui nous permet de proposer des solutions compl\u00e8tes pour la maison allant de l&#8217;\u00e9lectricit\u00e9 g\u00e9n\u00e9rale \u00e0 l&#8217;alarme en passant par la domotique, le t\u00e9l\u00e9com et les bornes IRVE pour r\u00e9pondre aux besoins de nos clients. Nous sommes reconnus pour notre capacit\u00e9 \u00e0 proposer des solutions personnalis\u00e9es et adapt\u00e9es aux besoins sp\u00e9cifiques de chaque client qu&#8217;il soit un particulier ou un professionnel. Notre engagement envers la qualit\u00e9 est au c\u0153ur de notre culture d&#8217;entreprise, et nous nous effor\u00e7ons de fournir un service rapide et efficace \u00e0 chacun de nos clients.<\/p>\n\n\n\n<p>Proches des nouvelles technologies, nous proposons l\u2019<a href=\"https:\/\/iniso.fr\/index.php\/domotique\/\" data-type=\"page\" data-id=\"53\">installation de produits domotiques<\/a> permettant le pilotage centralis\u00e9 de diff\u00e9rents \u00e9quipements connect\u00e9s de la maison (volets \u00e9lectriques, syst\u00e8mes d\u2019alarmes, contr\u00f4le de chauffages, luminaires,\u2026).<\/p>\n\n\n\n<p>Les <a href=\"https:\/\/iniso.fr\/index.php\/electricite\/\" data-type=\"page\" data-id=\"25\">travaux \u00e9lectriques<\/a> pour du d\u00e9pannage, du neuf ou de la r\u00e9novation font partie de nos comp\u00e9tences afin de r\u00e9pondre au mieux aux demandes de nos clients.<\/p>\n\n\n\n<p>Nos \u00e9quipes vous proposent l&#8217;\u00e9tude et l&#8217;installation d&#8217;un syst\u00e8me d&#8217;<a href=\"https:\/\/iniso.fr\/index.php\/alarme-et-videosurveillance\/\" data-type=\"page\" data-id=\"181\">alarme et\/ou de vid\u00e9o-surveillance<\/a> en lien avec vos besoins et la configuration du b\u00e2timent \u00e0 prot\u00e9ger.<\/p>\n\n\n\n<p>L&#8217;entreprise est qualifi\u00e9e avec les trois niveaux (Q1, Q2 et Q3) pour la pose des <a href=\"https:\/\/iniso.fr\/index.php\/borne-irve\/\" data-type=\"page\" data-id=\"209\">bornes de recharge pour v\u00e9hicules \u00e9lectriques<\/a>. Nous sommes pr\u00eat \u00e0 \u00e9valuer ensemble vos besoins pour vous fournir la solution la plus adapt\u00e9e \u00e0 vos besoins dans ce domaine.<\/p>\n\n\n\n<p>Pour finir, nous pouvons prendre en charge la r\u00e9alisation ou la r\u00e9habilitation de la partie <a href=\"https:\/\/iniso.fr\/index.php\/fibre-optique\/\" data-type=\"page\" data-id=\"56\">t\u00e9l\u00e9com<\/a> de votre installation afin de garantir l&#8217;acc\u00e8s internet dans toute l&#8217;habitation de fa\u00e7on optimale.<\/p>\n\n\n\n<p>Toujours en recherche de solutions efficaces, nos techniciens disposent du savoir-faire et de tout l\u2019\u00e9quipement n\u00e9cessaire \u00e0 l\u2019\u00e9tude et \u00e0 la r\u00e9alisation de vos travaux.<\/p>\n\n\n\n<p><\/p>\n","protected":false},"excerpt":{"rendered":"<p>Pr\u00e9sentation Forte de plus de 15 ans d\u2019exp\u00e9rience, l\u2019entreprise INISO, bas\u00e9e \u00e0 Sainte Luce sur Loire et La Chevroli\u00e8re, intervient sur les d\u00e9partements de la Loire-Atlantique et de la Vend\u00e9e pour vos travaux d&#8217;\u00e9lectricit\u00e9, de r\u00e9seau, de fibre optique et<\/p>\n","protected":false},"author":1,"featured_media":0,"parent":0,"menu_order":0,"comment_status":"closed","ping_status":"closed","template":"","meta":{"footnotes":""},"class_list":["post-23","page","type-page","status-publish","hentry"],"_links":{"self":[{"href":"https:\/\/iniso.fr\/index.php\/wp-json\/wp\/v2\/pages\/23","targetHints":{"allow":["GET"]}}],"collection":[{"href":"https:\/\/iniso.fr\/index.php\/wp-json\/wp\/v2\/pages"}],"about":[{"href":"https:\/\/iniso.fr\/index.php\/wp-json\/wp\/v2\/types\/page"}],"author":[{"embeddable":true,"href":"https:\/\/iniso.fr\/index.php\/wp-json\/wp\/v2\/users\/1"}],"replies":[{"embeddable":true,"href":"https:\/\/iniso.fr\/index.php\/wp-json\/wp\/v2\/comments?post=23"}],"version-history":[{"count":14,"href":"https:\/\/iniso.fr\/index.php\/wp-json\/wp\/v2\/pages\/23\/revisions"}],"predecessor-version":[{"id":239,"href":"https:\/\/iniso.fr\/index.php\/wp-json\/wp\/v2\/pages\/23\/revisions\/239"}],"wp:attachment":[{"href":"https:\/\/iniso.fr\/index.php\/wp-json\/wp\/v2\/media?parent=23"}],"curies":[{"name":"wp","href":"https:\/\/api.w.org\/{rel}","templated":true}]}}