{"id":181,"date":"2024-10-08T14:08:32","date_gmt":"2024-10-08T12:08:32","guid":{"rendered":"http:\/\/iniso.fr\/?page_id=181"},"modified":"2025-02-20T13:35:21","modified_gmt":"2025-02-20T12:35:21","slug":"alarme-et-videosurveillance","status":"publish","type":"page","link":"https:\/\/iniso.fr\/index.php\/alarme-et-videosurveillance\/","title":{"rendered":"Alarme et vid\u00e9osurveillance"},"content":{"rendered":"\n<p>INISO r\u00e9alise l&#8217;installation de syst\u00e8mes d&#8217;alarme complets et s\u00e9curis\u00e9s comme les syst\u00e8mes AJAX (qui a certifi\u00e9 INISO en tant qu&#8217;installateur) ou RISCO pour ne citer qu&#8217;eux. Nous installons aussi des syst\u00e8mes dit grand public, comme les syst\u00e8mes Somfy ou Ring par exemple afin de r\u00e9pondre au mieux aux demandes de nos clients.<\/p>\n\n\n\n<p>Nous r\u00e9alisons pour vous :<\/p>\n\n\n\n<ul class=\"wp-block-list\">\n<li>L&#8217;<strong>analyse <\/strong>de vos besoins,<\/li>\n\n\n\n<li>L&#8217;\u00e9tude de l&#8217;<strong>implantation <\/strong>et du type de <strong>syst\u00e8me de protection<\/strong>,<\/li>\n\n\n\n<li>L&#8217;implantation et la <strong>mise en service <\/strong>du syst\u00e8me,<\/li>\n\n\n\n<li>L&#8217;installation sur vos \u00e9quipements (smartphone par exemple) pour le <strong>pilotage <\/strong>et la <strong>supervision<\/strong>.<\/li>\n<\/ul>\n\n\n\n<p>INISO est partenaire <strong>Securitas <\/strong>pour les besoins de t\u00e9l\u00e9-assistance.<\/p>\n\n\n\n<div class=\"wp-block-group\"><div class=\"wp-block-group__inner-container is-layout-constrained wp-block-group-is-layout-constrained\">\n<figure class=\"wp-block-image size-large is-resized\"><img loading=\"lazy\" decoding=\"async\" width=\"1024\" height=\"973\" src=\"https:\/\/iniso.fr\/wp-content\/uploads\/2024\/10\/2008.i211.010_video-surveillance-security-cameras-realistic-composition-3-1024x973.jpg\" alt=\"\" class=\"wp-image-182\" style=\"width:339px;height:auto\" srcset=\"https:\/\/iniso.fr\/wp-content\/uploads\/2024\/10\/2008.i211.010_video-surveillance-security-cameras-realistic-composition-3-1024x973.jpg 1024w, https:\/\/iniso.fr\/wp-content\/uploads\/2024\/10\/2008.i211.010_video-surveillance-security-cameras-realistic-composition-3-300x285.jpg 300w, https:\/\/iniso.fr\/wp-content\/uploads\/2024\/10\/2008.i211.010_video-surveillance-security-cameras-realistic-composition-3-768x730.jpg 768w, https:\/\/iniso.fr\/wp-content\/uploads\/2024\/10\/2008.i211.010_video-surveillance-security-cameras-realistic-composition-3-1536x1459.jpg 1536w, https:\/\/iniso.fr\/wp-content\/uploads\/2024\/10\/2008.i211.010_video-surveillance-security-cameras-realistic-composition-3-2048x1946.jpg 2048w\" sizes=\"auto, (max-width: 1024px) 100vw, 1024px\" \/><\/figure>\n\n\n\n<p>N&#8217;h\u00e9sitez pas \u00e0 nous <a href=\"https:\/\/iniso.fr\/index.php\/contact\/\" data-type=\"page\" data-id=\"66\">contacter<\/a> pour un devis.<\/p>\n\n\n\n<figure class=\"wp-block-image size-large is-resized\"><img loading=\"lazy\" decoding=\"async\" width=\"1024\" height=\"683\" src=\"https:\/\/iniso.fr\/wp-content\/uploads\/2024\/10\/man-using-tablet-his-smart-home-1024x683.jpg\" alt=\"\" class=\"wp-image-183\" style=\"width:343px;height:auto\" srcset=\"https:\/\/iniso.fr\/wp-content\/uploads\/2024\/10\/man-using-tablet-his-smart-home-1024x683.jpg 1024w, https:\/\/iniso.fr\/wp-content\/uploads\/2024\/10\/man-using-tablet-his-smart-home-300x200.jpg 300w, https:\/\/iniso.fr\/wp-content\/uploads\/2024\/10\/man-using-tablet-his-smart-home-768x512.jpg 768w, https:\/\/iniso.fr\/wp-content\/uploads\/2024\/10\/man-using-tablet-his-smart-home-1536x1024.jpg 1536w, https:\/\/iniso.fr\/wp-content\/uploads\/2024\/10\/man-using-tablet-his-smart-home-2048x1365.jpg 2048w\" sizes=\"auto, (max-width: 1024px) 100vw, 1024px\" \/><\/figure>\n<\/div><\/div>\n","protected":false},"excerpt":{"rendered":"<p>INISO r\u00e9alise l&#8217;installation de syst\u00e8mes d&#8217;alarme complets et s\u00e9curis\u00e9s comme les syst\u00e8mes AJAX (qui a certifi\u00e9 INISO en tant qu&#8217;installateur) ou RISCO pour ne citer qu&#8217;eux. Nous installons aussi des syst\u00e8mes dit grand public, comme les syst\u00e8mes Somfy ou Ring<\/p>\n","protected":false},"author":1,"featured_media":0,"parent":0,"menu_order":0,"comment_status":"closed","ping_status":"closed","template":"","meta":{"footnotes":""},"class_list":["post-181","page","type-page","status-publish","hentry"],"_links":{"self":[{"href":"https:\/\/iniso.fr\/index.php\/wp-json\/wp\/v2\/pages\/181","targetHints":{"allow":["GET"]}}],"collection":[{"href":"https:\/\/iniso.fr\/index.php\/wp-json\/wp\/v2\/pages"}],"about":[{"href":"https:\/\/iniso.fr\/index.php\/wp-json\/wp\/v2\/types\/page"}],"author":[{"embeddable":true,"href":"https:\/\/iniso.fr\/index.php\/wp-json\/wp\/v2\/users\/1"}],"replies":[{"embeddable":true,"href":"https:\/\/iniso.fr\/index.php\/wp-json\/wp\/v2\/comments?post=181"}],"version-history":[{"count":3,"href":"https:\/\/iniso.fr\/index.php\/wp-json\/wp\/v2\/pages\/181\/revisions"}],"predecessor-version":[{"id":208,"href":"https:\/\/iniso.fr\/index.php\/wp-json\/wp\/v2\/pages\/181\/revisions\/208"}],"wp:attachment":[{"href":"https:\/\/iniso.fr\/index.php\/wp-json\/wp\/v2\/media?parent=181"}],"curies":[{"name":"wp","href":"https:\/\/api.w.org\/{rel}","templated":true}]}}